culate v(i).
-2
Let k(b) be the third derivative of -b**4/8 - b**3/6 - 34*b**2. Determine k(5).
-16
Suppose 2*z = 4*z + 2. Let i(b) = -b + 5 + b**2 + 5*b**2 - 5. What is i(z)?
7
Let o(m) be the first derivative of -m**2/2 - 2*m - 1. Determine o(0).
-2
Let c(g) = -6*g**2 - 6*g - 3. Let r(p) = -7*p**2 - 7*p - 3. Let f(k) = -6*c(k) + 5*r(k). What is f(-3)?
9
Let n(v) be the third derivative of -3*v**2 + 0 + 1/20*v**5 - v**3 - 1/120*v**6 + 5/24*v**4 + 0*v. What is n(4)?
-2
Let s = -10 - -8. Let n(j) = -5*j - 3. Determine n(s).
7
Let w(u) be the second derivative of u + 1/12*u**4 + u**2 - 7/6*u**3 + 0. Let y(p) = p**3 - 5*p**2 + 6. Let l be y(5). Calculate w(l).
-4
Let d(s) be the third derivative of s**4/24 + 2*s**3/3 + 10*s**2. Determine d(-2).
2
Let h(f) be the second derivative of 5*f**3/3 + 8*f. What is h(-1)?
-10
Let u(j) = -j**2 - 2*j + 1. Suppose -2*r = -30 - 6. Let m be (-50)/r + 4/(-18). Give u(m).
-2
Let t(c) = 2*c**2 - 4*c + 6. Let r(m) = 3*m**2 - 5*m + 7. Let j(x) = -3*r(x) + 4*t(x). What is j(3)?
-9
Let s(a) = 5*a + 4. Let f(p) = p. Let l(b) = 4*f(b) - s(b). Determine l(-6).
2
Let s(f) = -5*f**2 + 3*f + 1. Let y(j) = -9*j**2 + 5*j + 2. Let c(t) = 11*s(t) - 6*y(t). Let i(p) = -p**2 + 2*p. Let k(a) = -2*c(a) + 3*i(a). Calculate k(-3).
-7
Let l(v) = -3*v + 2. Let g(c) = c**3 - 7*c**2 + 8*c. Let u be g(6). Let q be u/(-18) + (-28)/(-6). Give l(q).
-10
Let k(m) = 3*m - 1. Let w be (-4 - -6)*(0 - -1). Suppose 4*t - 3*t + 4*q = 16, 3*t - 8 = -w*q. Suppose 3*y - 3 = -t*y. Determine k(y).
2
Let d(u) be the second derivative of u**6/720 + u**5/60 - u**4/3 - 5*u. Let v(y) be the third derivative of d(y). Calculate v(-4).
-2
Suppose -3*h = -0*h - 5*c - 28, -3*c = 3*h + 12. Suppose -3*d + 19 = h. Let v(o) = -o - 2. Give v(d).
-8
Let n(l) = -l + 1 - 4*l**2 - 8*l**2 + 12*l**2 - l**3. Calculate n(1).
-1
Let b = 240 - 236. Let p(t) be the first derivative of -t**5/60 + t**4/6 - t**3/3 - t**2/2 + 1. Let x(c) be the second derivative of p(c). Calculate x(b).
-2
Let j = 95 + -103. Let z(y) = -y**3 - 7*y**2 + 8*y - 7. Give z(j).
-7
Suppose -5 = -5*g - 0. Let q(d) = -4*d**3 + 4*d**2 + d - 4. Let w(v) = -v**3 - v - 1. Let p(i) = g*q(i) - 3*w(i). Determine p(5).
-6
Let y(s) = 2*s**3 - s**2 + 1. Let p(b) = 3*b**3 - 8*b**2 - 8*b - 8. Let x(q) = p(q) - y(q). Give x(8).
-9
Suppose 3*o + p = 4*o - 5, 4*o = -4*p - 4. Let z be -1 + -1 + 3 + 19. Suppose 5*l - 4*s = -z - 17, 0 = o*l + 3*s + 1. Let h(f) = f**2 + 6*f + 6. Calculate h(l).
1
Suppose -5*b + 2*j = 4*j + 21, -4*b + 4*j = 28. Let w(v) = -5*v + 4. Let f(i) = 4*i - 4. Let n(l) = b*w(l) - 6*f(l). Determine n(0).
4
Let d(l) = -l - 1. Let s be -4*(36/16 - 2). Let f(q) = q**2 + q - 3. Let w(h) = s*f(h) - d(h). Determine w(4).
-12
Suppose 2*i = -2*l + i, 2*i + 16 = 4*l. Let p(t) = 2*t - 3 - t**3 + 9 - 10*t**2 + 4*t**l. Determine p(-6).
-6
Let p(x) = -x - 2. Suppose 3*a + 17 = 4*u + u, u + 2*a - 6 = 0. Suppose u*d = -0*d - 72. Let z be d/4 + (-1)/(-2). Calculate p(z).
2
Let c(g) = -2*g**2 - 3*g + 4. Let n be 15 - -4 - 2*1. Suppose -n + 5 = 3*o. Determine c(o).
-16
Let t be (-7)/(14/(-12)) - -2. Let s(y) = -1 - y + y + 14*y - 11. Let a(j) = -5*j + 4. Let n(z) = t*a(z) + 3*s(z). What is n(3)?
2
Let t(z) = 6*z + 10. Let o(f) = f + 1. Let u(l) = -5*o(l) + t(l). Let g be u(5). Suppose g = 4*a + 6. Let s(b) = -4*b**3 + b**2 - 2*b + 1. What is s(a)?
-4
Let p(c) = c**3 - 8*c**2 - 2*c - 1. Let i = -18 - -26. Suppose 0 = -x + 3*x - i. Let h(n) = -n**3 + 7*n**2 + n + 1. Let q(s) = x*h(s) + 3*p(s). Calculate q(4).
-7
Let y(w) = 5*w + 2. Let v(u) = u**2 - 3*u + 2. Let c be v(3). What is y(c)?
12
Let k(r) be the third derivative of -3*r**6/40 + r**5/60 + r**4/24 - r**3/6 + 14*r**2. Determine k(1).
-8
Let j(u) = 5*u**3 + u**2 - 2*u + 1. Let s = 7 + -6. Let c be j(s). Let r(q) = q**2 - 3*q - c*q + 5*q - 3 + 0*q**2. What is r(3)?
-3
Let c(d) = d**3 + 4*d**2 - 2*d - 4. Let t be c(-4). Let s(k) = 2*k + 1 + t - 3*k + 3. What is s(5)?
3
Let h(v) = -11*v - 3. Let s(z) = 3*z + 1. Let t(n) = 2*h(n) + 9*s(n). Let m be -1 - 4/(8/4). Determine t(m).
-12
Suppose 0 = 3*t + 18. Let m(o) = o**3 + 5*o**2 - 6*o. Give m(t).
0
Suppose -2*o = 3*o - 5. Let x(a) = a**2 - 13*a. Let q(v) = -v**2 + 7*v. Let s = -33 - -22. Let d(l) = s*q(l) - 6*x(l). What is d(o)?
6
Suppose 5*x + 25 = u - 22, -4*u = 3*x + 42. Let f be 4/(-10) - (-106)/x. Let c = f - -15. Let z(v) = v**2 - 4*v - 1. Determine z(c).
-1
Let q(s) = -2*s + 1. Let c(x) = -x**3 - 4*x**2 + 7*x + 3. Let z be c(-5). Let m(l) = -l**3 - 6*l**2 + 6*l - 5. Let n be m(z). Calculate q(n).
-3
Let c(g) be the third derivative of -g**5/30 + g**3/3 + g**2. Suppose 0 = 2*s + 4*x + 3 + 9, 4*s - x - 12 = 0. What is c(s)?
-6
Let h(z) be the third derivative of -1/3*z**3 + 2*z**2 - 1/60*z**5 + 0*z + 0 - 1/24*z**4. Determine h(0).
-2
Suppose -2*l = -a + 4 + 6, 3*l - 7 = -4*a. Let s(b) be the second derivative of b**5/20 + b**4/6 + b**3/6 + 2*b**2 + 7*b. Calculate s(l).
-8
Let n be (-6)/39 + (-4)/(-26). Let d(h) be the third derivative of -2*h**2 - 1/120*h**6 + 0*h + n + 0*h**3 - 1/12*h**5 - 1/6*h**4. What is d(-4)?
0
Suppose -o - o - 8 = 0. Let z(n) = -10. Let p(t) = -t + 2. Let a(r) = 3*p(r) + z(r). Calculate a(o).
8
Let p(u) = u**3 - 5*u**2 + 4*u + 4. Let r be p(4). Let s(i) = 4*i - 2. What is s(r)?
14
Let a(o) be the third derivative of o**5/4 + o**4/24 + o**2. What is a(-1)?
14
Let b(x) = -x**3 + 5*x**2 - 3*x + 1. Let j = 4 - 0. Suppose 3*m + 4*p - 15 - 9 = 0, j*m + 2*p = 22. Calculate b(m).
5
Let d(m) = -m**2 + 9*m - 11. Suppose -2*y + 2 = 10. Let c be y/(-4)*-1 + 9. Determine d(c).
-3
Let n = 14 - 9. Let l(h) be the third derivative of -h**4/8 + 5*h**3/6 - h**2. What is l(n)?
-10
Suppose -5*x + 5 = -5*n, 4*n - 4*x + 5 = -x. Let f(l) = 4*l**2 - 3*l - 2. Let z(h) = 3*h**2 - 3*h - 1. Let g(a) = n*f(a) + 3*z(a). Give g(4).
5
Let p(s) be the first derivative of -s**4/2 - 2*s**3/3 + s**2 + s - 8. Give p(-2).
5
Let r(n) = 42*n + 4 - 40*n + 7*n**2 - 3. What is r(-1)?
6
Let f(x) = 2 + 1 - 3*x + x**3 - 1 + 3*x**2. Suppose 5 = -4*w - 7. Determine f(w).
11
Suppose -5*x = 4*w + 15 + 12, 5*x - 3*w = -6. Let l(z) = 2*z - 1. Let h be l(1). Let c(b) = 3*b + b**2 - b**2 + b**2 + h. Determine c(x).
1
Let g(t) be the third derivative of -t**4/24 + 4*t**3/3 + t**2. Suppose -3*j + 17 = -4*o + 5, 16 = 4*o + 4*j. Give g(o).
8
Suppose -2*c = 4*j - 1 - 11, 4*c - 15 = j. Let y(n) = 3 - 12 + n + j. Give y(5).
-3
Let p(i) = -i**3 + i**2 + i. Let o(z) = 6*z**3 - 11*z**2 + 2. Let k(h) = o(h) + 5*p(h). Determine k(4).
-10
Let i(h) be the first derivative of -h**4/4 - h**3 - h + 1. Suppose -3*n + 4*x - 20 = 2*n, x = -n + 5. Suppose y + 2 = -n*y. Give i(y).
-5
Let t(x) = 27 + 29 - x - 57. What is t(3)?
-4
Suppose -1 + 5 = -2*t. Let o(p) = -3*p - 3. What is o(t)?
3
Let q = 5 + -4. Let s(y) = 1 - 2 + 3 - q - y. What is s(-2)?
3
Let s(h) = h**2 + h - 13. Let f be s(0). Let i = f + 28. Suppose 0 = n - 4*b - 14, -5*b - i = 0. Let c(r) = -r**3 + 2*r**2 - 3*r. Determine c(n).
-6
Let h(v) = -v**3 + 8*v**2 + 10*v. Let y be h(9). Let g(a) = 12 - 15 + y + a. Let t be (-1 - -1)/(0 + 1). What is g(t)?
6
Let y(i) = i + 7. Let p(k) = -6*k - 6. Let z(r) = -5*r - 6. Let b(a) = -4*p(a) + 5*z(a). Let n(u) = -4*b(u) - 3*y(u). Determine n(0).
3
Let i = 15 - 9. Suppose u - i = -u. Let z(v) = 3*v - u*v - 5*v + 3*v. Calculate z(-4).
8
Suppose -40*m = -43*m - 9. Let q(r) = 2*r + 2. Determine q(m).
-4
Let w(y) = 20*y**2 + 10*y - 3. Let g(m) = 7*m**2 + 3*m - 1. Let b(i) = -17*g(i) + 6*w(i). What is b(-8)?
-9
Let y = 2 - 6. Let c = y + -4. Let z(b) = -b**3 - 9*b**2 - 8*b + 5. Calculate z(c).
5
Let x be (-28)/70 - 4/(-10). Suppose -3 + 1 = -2*b. Let g(u) = 4*u**2 + 6*u + 11. Let k(j) = -j**2 - j - 1. Let a(n) = b*g(n) + 5*k(n). Determine a(x).
6
Let y(r) = -r**2 - 3*r - 2. Let k be y(-3). Let a(z) = z**3 + 3*z**2 - 6*z - 5. Let b be a(-4). Let c(o) = -b - o**2 + 0*o**2 + 5. Give c(k).
-2
Let k(a) = -4*a - 5 - a + 4*a. Suppose 3*s - z + 1 = 0, 3*z + 2*z = 3*s + 5. Give k(s).
-5
Let m(v) = v**3 + 5*v**2 - 7*v - 4. Let g be m(-6). Let k(a) = 10 + a**2 - 4*a**g - 9 + 2*a**2. Let s = 0 + -2. What is k(s)?
-3
Let t(i) be the third derivative of i**4/24 + i**3/3 + i**2. Let u = 8 - 3. Suppose y = u*y + 20. Determine t(y).
-3
Suppose 0*v + v = 0. Suppose v*x + 12 = 4*x. Let g